ite?
False
Is 86612509 a prime number?
True
Is 15572983 prime?
False
Is 309922481 a prime number?
False
Is 1961629 a prime number?
False
Is 77054911 composite?
True
Is 4857459 a composite number?
True
Is 153503 composite?
True
Is 1274233 composite?
True
Is 25858471 composite?
False
Is 5167391 prime?
False
Is 86453 prime?
True
Is 33131629 a prime number?
False
Is 34061959 composite?
False
Is 60343783 composite?
True
Is 37247179 composite?
True
Is 75467459 a prime number?
True
Is 8295283 prime?
False
Is 3484007 composite?
False
Is 1295369 composite?
False
Is 3027043 a composite number?
True
Is 6763433 composite?
True
Is 54208603 a prime number?
True
Is 51065513 a composite number?
True
Is 310404937 prime?
False
Is 8269729 a composite number?
True
Is 44360017 a prime number?
False
Is 9116101 a prime number?
False
Is 1310046001 a composite number?
True
Is 189073147 prime?
True
Is 22159601 composite?
False
Is 19214647 composite?
True
Is 6507887 composite?
True
Is 711479141 a prime number?
False
Is 3653563 prime?
False
Is 70363571 prime?
True
Is 231631 a prime number?
True
Is 6507635 a prime number?
False
Is 8725459 a prime number?
True
Is 54275051 a prime number?
True
Is 39331891 a composite number?
False
Is 344497 composite?
False
Is 10638833 prime?
True
Is 1907249 prime?
True
Is 25480187 a composite number?
False
Is 101373 a prime number?
False
Is 84680423 composite?
True
Is 9788307 composite?
True
Is 12766471 a composite number?
True
Is 2838743 a composite number?
False
Is 395843267 a composite number?
False
Is 7784783 a prime number?
True
Is 2352271 a prime number?
False
Is 5130691 prime?
False
Is 419379091 a prime number?
True
Is 24488771 composite?
False
Is 381407 a prime number?
False
Is 217154593 a prime number?
True
Is 82390883 a prime number?
False
Is 1783163 prime?
True
Is 87533357 composite?
True
Is 2694457 composite?
False
Is 4229931 a composite number?
True
Is 976876519 composite?
False
Is 1745581 a prime number?
True
Is 57576803 prime?
False
Is 26836283 prime?
True
Is 102044539 composite?
False
Is 530501 composite?
False
Is 4215671 composite?
True
Is 25870003 prime?
True
Is 77612047 prime?
True
Is 134399 prime?
True
Is 11176897 composite?
False
Is 2970953 composite?
True
Is 1096355779 a prime number?
True
Is 24552311 prime?
False
Is 161967601 composite?
True
Is 49960987 prime?
False
Is 152202811 prime?
True
Is 42965763 prime?
False
Is 1565609 a prime number?
True
Is 3609227 prime?
False
Is 73542737 a prime number?
False
Is 94358171 a composite number?
False
Is 103260602 a composite number?
True
Is 6145019 a composite number?
False
Is 6088497 prime?
False
Is 53789783 a prime number?
True
Is 102761227 a prime number?
True
Is 4466647 prime?
False
Is 94665017 a composite number?
False
Is 368984621 a prime number?
True
Is 5730121 composite?
False
Is 12244129 prime?
False
Is 6259013 composite?
True
Is 2073601 prime?
True
Is 744408571 a composite number?
False
Is 37701194 composite?
True
Is 1664333 a prime number?
False
Is 106495229 composite?
True
Is 35727619 composite?
True
Is 345080143 composite?
False
Is 3103102 a composite number?
True
Is 704701 prime?
False
Is 80028379 prime?
True
Is 9563549 a prime number?
True
Is 249110033 a composite number?
True
Is 500845 prime?
False
Is 37091827 composite?
False
Is 360391 a prime number?
True
Is 3411151 prime?
True
Is 322019 composite?
True
Is 1065593 a composite number?
False
Is 570221087 a prime number?
True
Is 21970001 composite?
True
Is 156135763 prime?
False
Is 15341279 a prime number?
False
Is 68973799 a prime number?
False
Is 7844729 a composite number?
False
Is 1751833 prime?
False
Is 251324189 a composite number?
False
Is 94226026 composite?
True
Is 162600521 prime?
True
Is 15606067 composite?
False
Is 30505858 a composite number?
True
Is 102610219 a composite number?
False
Is 4797091 composite?
True
Is 9755449 composite?
True
Is 9718913 composite?
False
Is 19267637 a composite number?
True
Is 2821939 composite?
True
Is 24446363 prime?
True
Is 28699943 a composite number?
False
Is 7445091 a composite number?
True
Is 9690121 a composite number?
True
Is 188685103 prime?
True
Is 2978869 a prime number?
True
Is 19795063 a composite number?
True
Is 4409207 prime?
False
Is 92551 composite?
False
Is 171386353 a prime number?
True
Is 4383311 prime?
True
Is 434807 a prime number?
True
Is 11537117 a prime number?
True
Is 121481681 a prime number?
True
Is 1449659 prime?
False
Is 17692403 prime?
False
Is 4001453 composite?
False
Is 53368663 composite?
True
Is 28289381 prime?
False
Is 674939813 prime?
True
Is 122083853 a composite number?
False
Is 175311671 composite?
True
Is 10957103 a composite number?
False
Is 85793449 a composite number?
True
Is 42896611 prime?
True
Is 19546903 a composite number?
True
Is 8875211 a prime number?
True
Is 788840387 a composite number?
False
Is 19431683 a composite number?
False
Is 39364001 a composite number?
True
Is 14797091 prime?
True
Is 11832959 a prime number?
True
Is 43194358 a prime number?
False
Is 51793771 a composite number?
False
Is 213523369 prime?
True
Is 437027 prime?
False
Is 48710521 a composite number?
False
Is 7785527 prime?
False
Is 203479 a prime number?
False
Is 44417 a composite number?
False
Is 16580587 a composite number?
False
Is 9720029 prime?
False
Is 110633899 a composite number?
False
Is 667259 prime?
False
Is 458705599 a prime number?
False
Is 3106501 prime?
False
Is 535169 composite?
False
Is 254331529 a composite number?
False
Is 59483 a prime number?
False
Is 7220515 a composite number?
True
Is 3263879 a composite number?
False
Is 10950865 a prime number?
False
Is 1296679 prime?
True
Is 8326163 prime?
True
Is 46438211 composite?
True
Is 6232921 a composite number?
True
Is 296999071 prime?
True
Is 16109347 a prime number?
False
Is 22993079 a prime number?
True
Is 12429653 prime?
True
Is 6010261 prime?
True
Is 14891351 a composite number?
True
Is 44528689 prime?
True
Is 29540986 prime?
False
Is 1795553 a prime number?
False
Is 681119 composite?
True
Is 41735977 prime?
True
Is 13298083 composite?
False
Is 48342287 a prime number?
False
Is 24881017 prime?
False
Is 163447187 prime?
True
Is 4321871 prime?
True
Is 1098707 a composite number?
False
Is 1341531127 a composite number?
False
Is 5257723 prime?
True
Is 6961063 a composite number?
False
Is 59603981 a prime number?
True
Is 2019659 a composite number?
False
Is 10648201 a prime number?
True
Is 2646409 a composite number?
False
Is 17740837 composite?
True
Is 634279 prime?
True
Is 283889233 composite?
False
Is 6396593 composite?
True
Is 264055109 a prime number?
False
Is 161644331 a composite number?
True
Is 137396753 a composite number?
True
Is 4171537 a composite number?
True
Is 3368629 a composite number?
True
Is 8771563 a prime number?
False
Is 71971849 composite?
False
Is 39381481 a prime number?
True
Is 6984427 a composite number?
True
Is 716424277 a prime number?
True
Is 71209583 a prime number?
False
Is 110506507 a composite number?
False
Is 26152363 prime?
True
Is 5192783 a composite number?
False
Is 6652043 a composite number?
True
Is 3657891 composite?
True
Is 28563851 a composite number?
True
Is 33546973 composite?
False
Is 4823933 a prime number?
False
Is 33329761 composite?
True
Is 503689 a prime number?
False
Is 50019619 a composite number?
True
Is 760006057 prime?
False
Is 103459 prime?
False
Is 145486421 a prime number?
True
Is 803119 a prime number?
True
Is 47370413 a composite number?
False
Is 58185401 composite?
False
Is 45583553 prime?
False
Is 7148461 composite?
False
Is 663307673 a prime number?
False
Is 408482981 a prime number?
True
Is 54011729 prime?
True
Is 58301589 a composite number?
True
Is 2786633 a prime number?
True
Is 6376651 prime?
True
Is 930162749 prime?
False
Is 145662433 prime?
False
Is 4016161 composite?
False
Is 240817 a prime number?
False
Is 681589 a composite number?
False
Is 1507531 a composite number?
False
Is 541680767 prime?
True
Is 3522061 a composite number?
False
Is 376172743 composite?
False
Is 3734737 prime?
True
Is 297480783 a composite number?
True
Is 23150279 a prime number?
False
Is 64530629 prime?
True
Is 958207 a prime number?
False
Is 11596531 a prime number?
False
Is 5818135 a composite number?
True
Is 10599031 prime?
Tr